-w**4/12 - 5*w**3/6 - 2*w**2 - 2*w. Suppose -4 = 2*k - 3*k. Suppose 2*t + 6 = -3*v + v, k*v - 4*t = -20. Calculate p(v).
0
Suppose 0 = 82*f + 1561 - 331. Let w(l) = l**2 + 17*l + 15. Determine w(f).
-15
Suppose -6*b + 3*b + 81 = 0. Suppose -69 = -7*h - b. Let w(z) = -z**3 + 6*z**2 - z. Calculate w(h).
-6
Let j(t) = -4*t + 6. Let c be j(6). Let a be 3/c*-3*10. Let i(p) = 5*p - 4 - 12*p**2 + 2 + 2*p**2 + 9*p**2. Calculate i(a).
-2
Let f(l) = -2*l**3 + l**2 - 4*l + 4. Let d(x) = -3*x**3 - 6*x + 5. Let r(g) = 4*d(g) - 5*f(g). Determine r(-3).
21
Let g(u) be the first derivative of u**2/2 - 8*u + 1. Suppose 7 = 2*d - 1. Suppose 8*s = -d + 52. What is g(s)?
-2
Suppose 4*y + 0*y - 12 = 0. Let k(a) = -2*a - 3. Let g(b) = 3*b + 13. Let d(o) = g(o) + 2*k(o). Calculate d(y).
4
Let z(y) = -13*y - 4. Let f(p) = -6*p - 2. Let m(c) = -7*f(c) + 3*z(c). Suppose -4*w + 3*b = 16, 3*w + 29 = -0*w - 2*b. Determine m(w).
-19
Let h be (6 - 2)*1 + 1. Suppose g - 24 = h*y, 3*g - 40 = -2*g + 5*y. Let z(b) = 10*b + 1 - 11*b - b. Give z(g).
-7
Let b(r) = 1 - 6*r**2 + 2*r + 4*r**2 + 0*r**2. Suppose 4*i + 16 = 2*q, -60 = 6*q - 5*i - 73. What is b(q)?
-11
Let o(g) be the first derivative of g**4/4 - 4*g**3/3 - 5*g - 6. Let j(x) = 9*x**2 + 3*x + 2. Let a be j(-1). Let c be 7/28 + 30/a. Calculate o(c).
-5
Let t = -1565 - -1563. Let y(a) = 8*a**2 + 4*a + 5. Calculate y(t).
29
Let a(t) = t - 23. Let y be (-1)/2*(27 - 27). What is a(y)?
-23
Let d(m) be the second derivative of -m**5/20 - m**4 + 7*m**3/3 + 5*m**2 + 320*m. Determine d(-13).
-3
Let y(j) = 8*j - j**2 - 3*j + 1 + 6. Let t = 446 - 440. What is y(t)?
1
Let b(l) = -l**3 - 6*l**2 - 4*l - 3. Let x(n) = 2*n**2 + 2*n + 10. Let z be x(0). Let q be (-36)/10 + (-4)/z. Calculate b(q).
-19
Suppose 11 = 7*a - 3. Let n(k) = -4 + 3*k + k**3 + 16*k**a - 19*k**2 + 2. Determine n(2).
0
Let w(p) = -15*p - 71. Let t be w(-5). Let r(u) be the first derivative of -u**3 - 2 + 2*u**2 - 1/4*u**t - 4*u. What is r(-4)?
-4
Let b(r) = -r + 11. Let f be (-4 - -4)/(-9 - -13). What is b(f)?
11
Let z(y) = y**3 + 12*y**2 - 13*y + 2. Let o be z(-13). Let w(u) = -2*u**2 + 3*u + 1. Calculate w(o).
-1
Suppose 11 = 4*d - 5. Let t(a) be the second derivative of a**4/12 - a**3/3 - 64*a. Determine t(d).
8
Let g(b) = 3*b + 4. Let i(h) = h + 2. Let t(y) = 6*g(y) - 11*i(y). What is t(-5)?
-33
Let k(w) = -2*w + 1. Let n be (2/(-3))/((-6)/18). Let u(j) = -j + 2. Let r(v) = n*k(v) - 3*u(v). Give r(0).
-4
Suppose 0 = -h - 21 + 27. Let n(o) = o**3 + o**2 + o. Let v(g) = -7*g**3 + g**2 - 5*g - 10. Let i(u) = h*n(u) + v(u). Give i(7).
-3
Suppose -d = 3*v + 3*d + 17, -21 = 5*v + 3*d. Let z(l) be the third derivative of 0*l + 0 + l**2 + 1/30*l**5 - 1/2*l**3 + 1/8*l**4. Give z(v).
6
Let x(n) = 164*n**2 + 1 - 165*n**2 + 3 - 3*n. Determine x(-5).
-6
Let y(u) be the first derivative of u**5/24 - u**4/8 + 10*u**3/3 + 15. Let n(a) be the third derivative of y(a). Give n(3).
12
Let r(j) = 2*j**2 + 8*j + 8. Let z be r(-4). Let t(d) = -2 + 7 + z + 0*d + d. Let w(c) = c**3 - 7*c**2 + 6*c. Let y be w(6). Give t(y).
13
Suppose -12 = -3*a - 3*r, -3*r = -4*r. Suppose -15 = -4*q - y, -6*q + 2*y = -a*q. Let w(x) = -x**3 + 3*x**2 + 2*x - 4. Calculate w(q).
2
Let f(d) = 2*d + 7. Suppose -9 = -4*u + 51. Let k(w) = -w**2 + 18*w - w - 7 - u. Let q be k(16). What is f(q)?
-5
Let c = -158 - -160. Let j(l) be the third derivative of 0 - 4/3*l**3 + 5*l**c - 1/24*l**4 + 0*l. Determine j(-6).
-2
Let z(i) = -3*i**3 + 2*i**2 + i - 2. Suppose -27 = -5*w - 4*v, -3*w + 4*v = -w + 6. Suppose -12 = -w*b + 4*g - 6*g, 8 = b + 2*g. What is z(b)?
-16
Let v(p) = 2*p**2 + 0*p**2 - 13*p + 11*p + 1 + 28*p**3. What is v(1)?
29
Let i(y) = -y**2 + 7. Let x(w) = w - 8. Let s be x(5). Let a be i(s). Let h(c) = -c + 6 - 4 + 6*c. Calculate h(a).
-8
Let f(h) be the third derivative of -h**6/180 - h**5/60 + h**4/24 - 35*h**3/6 + 33*h**2. Let m(k) be the first derivative of f(k). What is m(-3)?
-11
Let u(j) = -15 + 14*j**2 - 5*j - 13*j**2 - j + 10*j. Calculate u(-6).
-3
Let z(a) = a**2 + 6*a - 5. Suppose -6*x = 4*c - 5*x + 22, -2*c - 8 = -x. What is z(c)?
-10
Suppose 65 = 2*i - 7. Let d(x) = x + 20 - i + 14. Calculate d(-5).
-7
Let y be (208/(-260))/(12/(-10)). Let h(x) be the first derivative of 0*x**2 - y*x**3 + 1/4*x**4 + 0*x + 7. Calculate h(3).
9
Let w = -33 + 40. Let c(m) = 15 - 8 + w*m + 0 + m**2. What is c(-7)?
7
Let r = 5 - 1. Suppose r*i = 6*i + 8. Let n(p) = -p. Determine n(i).
4
Let g(u) = 1 + 4*u + 3*u - 6*u. Let p(q) = 4*q. Let i(z) = -z**2 - 16*z - 25. Let s be i(-14). Let b(f) = s*g(f) - p(f). Calculate b(-6).
9
Let s(o) = o**3 - o**2 - 4*o + 3. Let m be 0/((-1)/((-3)/(-6))). Let w be m/(-1 - (4 + -4)). Suppose 3*a - t + 4*t - 3 = 0, w = 5*a + t - 13. What is s(a)?
9
Let g(k) = 3*k + 4. Suppose 27 = 119*f - 110*f. Calculate g(f).
13
Let z be 7/3 - 3*1/9. Let n(g) = -37 - g**2 + 38 - 3*g**z + 5*g**2. What is n(-4)?
17
Let j(g) = g + 3 - 10 + 8. Let n(x) = -7*x - 6. Let a(u) = -5*j(u) - n(u). Suppose 0*v - 5*v = 20. What is a(v)?
-7
Let v(x) = x**3 + 7*x**2 - 10*x - 14. Let a be v(-8). Let o(y) = 8*y - 1. What is o(a)?
15
Let r be (4/(-3))/(-7*(-6)/252). Let v(w) = -7*w - 48. Calculate v(r).
8
Let w(m) = -6*m + 64. Let l(u) = -6*u + 75. Let n(f) = 4*l(f) - 5*w(f). What is n(7)?
22
Let g(c) = 9*c + 1. Suppose -80*w = -79*w + 2. Give g(w).
-17
Let q be -2 + 4 + (-2 - -2). Let m(h) = 12 - 12 + h**q + 4*h. Determine m(-4).
0
Suppose 0 = -5*y - 2*n + 5, -n + 9 - 3 = -y. Let a = y - 3. Let m(w) be the first derivative of -w**3/3 - 3*w**2/2 - 2*w - 1. What is m(a)?
-6
Let m(l) be the third derivative of 7*l**6/720 + l**5/120 + 11*l**4/12 - 5*l**2. Let b(d) be the second derivative of m(d). What is b(-1)?
-6
Let f(c) = -c**3 + 3*c**2 + 3*c. Let a(w) = 8*w + 39. Let q be a(-5). Let i(r) = 2*r**2 + 2. Let o be i(q). Give f(o).
-4
Let j(z) = -z**2 - 5*z + 6. Let w(k) be the second derivative of -k**4/12 + 5*k**3/6 + 9*k**2/2 - 21*k. Let t be w(7). Determine j(t).
6
Let c(q) be the third derivative of q**6/120 - q**5/6 + q**4/24 - 13*q**3/6 + 4*q**2 + 4*q. Determine c(10).
-3
Let o be 1/((-3)/(-6)) - -1. Let m(a) = a**o + 3*a**2 - a - 2*a**2 + 0 - 2. Suppose 4*w - 10 = -5*n + 5*w, -5*n - 3*w = -10. What is m(n)?
8
Let n(u) = u - 10. Let s be n(8). Let f(a) = -3*a**2 - 9*a + 10. Let g(w) = -14*w**2 - 36*w + 41. Let k(t) = s*g(t) + 9*f(t). Give k(6).
-10
Let x(t) = -t**3 - 7*t**2 + 3. Let g be 8/(-36) + (-600)/(-27). Suppose -20*h = -g*h - 14. Give x(h).
3
Let f(j) = j**2 - j + 26. Let u(m) = -m**2 - 4*m + 24. Let x be u(-7). Suppose -4*k - 2*t = -2, -x*t + 3 = k - 6*k. Give f(k).
26
Let a = -698 - -702. Let b(u) = u**3 - 5*u**2 + 2*u + 5. Calculate b(a).
-3
Let l(s) = s**3 - 3*s**2 - 5*s - 2. Let a(v) = 8*v**2 - 2*v - 1. Let k be -4 - -3 - 4 - -2. Let m be a(k). Let d be 294/m - (-6)/33. Calculate l(d).
-6
Let n be 2*1/2*2. Suppose -g + 3*f - 4 = -3*g, -n*f - 1 = 5*g. Let r(b) = -2*b + 1. Give r(g).
3
Suppose -2*k - 5*f - 31 = 0, k + 2*f = -2*k - 19. Let y be 3/(k/(-31)) - -3. Let q = 29 - y. Let t(h) = -h**3 - 3*h**2 + 5*h - 5. What is t(q)?
20
Let l(x) = -31*x**2 + 11*x**2 + 17*x**2 + x + 11*x**3. Let n be l(1). Let v(r) = r - 9. Calculate v(n).
0
Let p(h) = h + 1. Suppose -2*y - 41 + 45 = 0. Suppose -2*a - 13 = -3*s, 0 = -3*a + y*s + 7 - 29. Determine p(a).
-7
Let o(y) = 4*y - 4. Suppose 0 = 16*u - 51 - 45. Determine o(u).
20
Suppose 0*r = 4*r + 5*f + 6, -r + 4*f = -9. Suppose r = -y + 4. Suppose y*x = -x + 24. Let k(a) = a**3 - 5*a**2 - 7*a + 9. Determine k(x).
3
Let y(c) be the second derivative of -c**7/840 - c**6/40 - 7*c**5/120 + 11*c**4/24 - 7*c**3/6 + 45*c. Let n(r) be the second derivative of y(r). What is n(-8)?
3
Let v(q) = 5*q**3 - 2*q**2 - q. Let w be (-2 + 3)*(-6)/(-2). Suppose 0 = w*j - 4*g - 11, j = -0*g + 3*g + 7. Suppose -4*n - j = 3. What is v(n)?
-6
Let d(k) be the third derivative of k**8/20160 - k**7/5040 - k**6/360 - 7*k**5/10 + 5*k**2 + 4. Let c(v) be the third derivative of d(v). Give c(2).
0
Let u be (-3)/8 + 525/120. Let h(m) = -6*m**2. Let i(q) = 5*q**2 - q + 1. Let s(g) = -4*h(g) - 5*i(g). What is s(u)?
-1
Let s(v) = v + 5. Let n be 6/(-5)*3/(18/(-160)). Let x = n + -43. Determine s(x).
-6
Let h(l) be the second derivative of l**6/120 + l**5/60 + l**4/24 + 11*l**3/3 + 35*l**2/2 - 16*l